t common factor of 14722 and 16286.
34
What is the greatest common divisor of 1060613 and 712?
89
Calculate the highest common factor of 98179060 and 5740.
140
What is the highest common divisor of 104372 and 8890244?
388
Calculate the greatest common divisor of 123 and 162341427.
123
What is the greatest common divisor of 134946 and 282?
6
Calculate the greatest common factor of 11608 and 226008.
8
Calculate the highest common divisor of 313412 and 4255372.
748
What is the highest common factor of 652065 and 1515?
15
What is the highest common factor of 28 and 653263394?
14
What is the highest common divisor of 36941 and 601921?
2173
What is the highest common factor of 12474 and 17308676?
154
Calculate the highest common divisor of 12363962 and 5031.
559
What is the greatest common divisor of 301079627 and 8168?
1021
Calculate the greatest common divisor of 10409 and 19082671.
1487
What is the highest common divisor of 120813 and 86163?
231
Calculate the highest common divisor of 8 and 541162264.
8
Calculate the greatest common factor of 360 and 6860.
20
Calculate the highest common divisor of 361149200 and 800.
400
Calculate the highest common factor of 176853558 and 798.
798
Calculate the highest common factor of 450 and 201195.
45
Calculate the highest common factor of 6254822 and 8274.
14
Calculate the highest common divisor of 500849544 and 312.
312
What is the greatest common factor of 38392 and 23344?
8
Calculate the greatest common divisor of 15656 and 121714.
38
Calculate the highest common divisor of 4917 and 1240723.
1639
Calculate the highest common divisor of 147490 and 387.
43
What is the highest common factor of 173502 and 12747?
21
Calculate the greatest common divisor of 1345377 and 203137.
649
Calculate the greatest common divisor of 15 and 1587475185.
15
Calculate the highest common factor of 1595878 and 2875.
23
What is the highest common divisor of 24 and 517806408?
24
What is the greatest common factor of 4280714 and 20102?
46
Calculate the highest common divisor of 16531390 and 50.
10
What is the greatest common divisor of 285 and 19038380?
95
What is the greatest common factor of 949 and 29202628?
949
Calculate the greatest common divisor of 312 and 48339.
3
What is the greatest common divisor of 60361908 and 84?
12
Calculate the highest common factor of 14921592 and 168.
168
Calculate the greatest common factor of 10104 and 25448.
8
What is the highest common factor of 709932 and 9713?
883
What is the highest common divisor of 3672 and 283560?
408
What is the greatest common factor of 7280 and 18205936?
112
What is the highest common divisor of 28996 and 74311476?
2636
What is the highest common factor of 27304 and 26544?
8
What is the greatest common factor of 76797 and 388437?
1113
What is the greatest common divisor of 159377856 and 704?
704
What is the greatest common divisor of 4314673 and 23529?
341
Calculate the highest common divisor of 30996 and 3074652.
756
What is the highest common divisor of 11830997 and 794?
397
What is the highest common divisor of 52 and 150978724?
52
What is the highest common divisor of 100036080 and 180?
180
Calculate the greatest common divisor of 3910 and 5264424.
782
Calculate the greatest common divisor of 590 and 2779364330.
590
Calculate the highest common factor of 24856 and 1649648.
104
What is the greatest common divisor of 1298 and 110003494?
118
Calculate the greatest common factor of 14036 and 3618736.
1276
What is the greatest common divisor of 3306720 and 1560?
120
Calculate the greatest common factor of 5268198 and 7917.
1131
What is the greatest common divisor of 31924800 and 40645?
3695
What is the highest common divisor of 2820 and 33857860?
940
Calculate the greatest common factor of 120 and 172890.
30
Calculate the greatest common factor of 37792 and 140364212.
4724
What is the highest common factor of 404364 and 1412484?
372
Calculate the highest common divisor of 143450386 and 221.
17
What is the highest common divisor of 396011304 and 923?
923
Calculate the highest common factor of 162 and 35888850.
18
Calculate the highest common divisor of 5958659 and 609.
203
What is the greatest common divisor of 4220 and 67736908?
844
What is the highest common divisor of 4967704 and 2107?
301
What is the greatest common factor of 5323824 and 30?
6
What is the greatest common factor of 266 and 297136?
14
Calculate the greatest common factor of 2437576 and 4.
4
What is the highest common factor of 1403 and 11026637?
23
What is the highest common divisor of 2481548 and 12798?
158
Calculate the highest common factor of 174251 and 343728.
2387
What is the highest common divisor of 3847058 and 424?
106
What is the highest common factor of 2364660 and 11020?
580
What is the greatest common divisor of 21250 and 29886?
34
What is the highest common factor of 1290 and 16894614?
258
Calculate the greatest common factor of 636 and 683594.
106
Calculate the greatest common divisor of 209 and 392817799.
209
What is the greatest common divisor of 1250 and 303742?
2
What is the greatest common divisor of 2376191188 and 424?
212
What is the greatest common factor of 238 and 171517766?
14
What is the highest common factor of 1025134 and 85646?
374
What is the highest common factor of 7403 and 28963?
11
What is the highest common divisor of 4884331 and 1403?
61
What is the highest common factor of 145252 and 9?
1
What is the highest common divisor of 117775 and 13300?
175
Calculate the highest common factor of 94 and 89856433.
47
What is the highest common divisor of 21 and 10779440?
7
What is the greatest common divisor of 206145 and 798621?
1527
Calculate the highest common factor of 8886086 and 352.
22
What is the highest common divisor of 21167 and 1863737?
347
Calculate the highest common factor of 3180089 and 539.
11
Calculate the highest common divisor of 60112896 and 3584.
512
What is the greatest common factor of 24186 and 5787126?
834
What is the greatest common factor of 1380777 and 29?
29
What is the greatest common factor of 124 and 112747?
31
Calculate the greatest common factor of 7916744 and 5896.
88
Calculate the highest common divisor of 348 and 53729628.
12
Calculate the highest common divisor of 119 and 1158913.
7
Calculate the greatest common factor of 237568 and 9019.
29
What is the greatest common factor of 133055 and 2691?
299
Calculate the greatest common divisor of 1018151 and 1525.
61
Calculate the highest common factor of 595664 and 4130.
118
What is the highest common factor of 361 and 3266214?
19
Calculate the greatest common factor of 355 and 28185935.
355
Calculate the highest common factor of 2049952 and 23461.
29
What is the highest common divisor of 343047 and 7011?
123
Calculate the highest common divisor of 8900 and 348650380.
1780
Calculate the greatest common factor of 523301855 and 465.
155
What is the highest common divisor of 9555 and 16266120?
195
Calculate the highest common factor of 14590065 and 84.
21
Calculate the highest common factor of 24792 and 20233371.
3099
What is the highest common divisor of 2655621622 and 692?
346
Calculate the highest common divisor of 427 and 471286.
61
What is the greatest common factor of 1534110 and 13785?
15
What is the greatest common factor of 468 and 38482782?
78
What is the highest common divisor of 75042 and 14146?
22
Calculate the greatest common factor of 114 and 40717646.
38
Calculate the highest common factor of 476200 and 8150.
50
What is the greatest common factor of 25224659 and 81862?
3721
What is the highest common factor of 2756 and 3832907?
689
What is the highest common factor of 2279836 and 7072?
884
What is the greatest common factor of 132594 and 29988?
294
What is the greatest common factor of 561 and 3323177?
187
Calculate the highest common divisor of 405782 and 9542.
26
What is the highest common divisor of 3340500 and 600?
300
Calculate the highest common factor of 131 and 191494621.
131
What is the highest common factor of 1519732 and 1156?
68
Calculate the greatest common divisor of 126196546 and 238.
14
What is the greatest common factor of 1484160 and 29175?
15
Calculate the highest common divisor of 479400 and 236640.
2040
What is the greatest common divisor of 53026785 and 